{"id":16,"date":"2014-06-12T08:00:17","date_gmt":"2014-06-12T08:00:17","guid":{"rendered":"http:\/\/klosowscy.pl\/?page_id=16"},"modified":"2014-10-18T12:23:13","modified_gmt":"2014-10-18T12:23:13","slug":"o-autorach","status":"publish","type":"page","link":"http:\/\/klosowscy.pl\/?page_id=16","title":{"rendered":"O autorach"},"content":{"rendered":"<div class=\"vc_row wpb_row vc_row-fluid\"><div class=\"wpb_column vc_column_container vc_col-sm-12\"><div class=\"wpb_wrapper\">\n\t<div class=\"wpb_text_column wpb_content_element \">\n\t\t<div class=\"wpb_wrapper\">\n\t\t\t<p><img loading=\"lazy\" decoding=\"async\" class=\"alignleft wp-image-2056 size-medium\" src=\"http:\/\/klosowscy.pl\/wp-content\/uploads\/Klosowski_Grzegorz-300x200.jpg\" alt=\"Klosowski_Grzegorz\" width=\"300\" height=\"200\" srcset=\"http:\/\/klosowscy.pl\/wp-content\/uploads\/Klosowski_Grzegorz-300x200.jpg 300w, http:\/\/klosowscy.pl\/wp-content\/uploads\/Klosowski_Grzegorz.jpg 450w\" sizes=\"auto, (max-width: 300px) 100vw, 300px\" \/><img loading=\"lazy\" decoding=\"async\" class=\"alignleft size-medium wp-image-2057\" src=\"http:\/\/klosowscy.pl\/wp-content\/uploads\/Klosowski_Tomasz-300x200.jpg\" alt=\"Klosowski_Tomasz\" width=\"300\" height=\"200\" srcset=\"http:\/\/klosowscy.pl\/wp-content\/uploads\/Klosowski_Tomasz-300x200.jpg 300w, http:\/\/klosowscy.pl\/wp-content\/uploads\/Klosowski_Tomasz.jpg 450w\" sizes=\"auto, (max-width: 300px) 100vw, 300px\" \/><\/p>\n<p>&nbsp;<\/p>\n<p>&nbsp;<\/p>\n<p>&nbsp;<\/p>\n<p>&nbsp;<\/p>\n<p>&nbsp;<\/p>\n<p>&nbsp;<\/p>\n<p>&nbsp;<\/p>\n<p>Nasz autorski tandem, czyli Grzegorz K\u0142osowski, z zawodu malarz, absolwent warszawskiej Akademii Sztuk Pi\u0119knych, i Tomasz K\u0142osowski, dziennikarz, niegdy\u015b zatrudniony w prasie m\u0142odzie\u017cowej, p\u00f3\u017aniej wolny strzelec, prowadz\u0105cy programy telewizyjne o przyrodzie, ostatnio program \u201eDzika Polska\u201d w TVP, od kilku dziesi\u0119cioleci fotografuje polska przyrod\u0119 i krajobraz. Pierwsze kroki by\u0142y naturaln\u0105 kontynuacj\u0105 traperskich zabaw dzieci\u0144stwa, kt\u00f3re przerodzi\u0142y si\u0119 w artystyczny zaw\u00f3d. Jego pocz\u0105tki si\u0119gaja jeszcze fotografii czarno\u00adbia\u0142ej, na niej te\u017c w sporej mierze opiera\u0142 si\u0119 nasz pierwszy, dzi\u015b ju\u017c prawie zabytkowy album \u201ePtaki biebrza\u0144skich bagien\u201d. Oddawa\u0142 on charakter naszych zainteresowa\u0144, kt\u00f3rych istot\u0105 po dzi\u015b dzie\u0144 jest poszukiwanie i uwiecznianie pozosta\u0142ych w naszym kraju resztek dzikiej przyrody, reprezentuj\u0105cych j\u0105 gatunk\u00f3w i krajobraz\u00f3w. St\u0105d ucieczka ze stolicy w krain\u0119 nadbiebrza\u0144skich mokrade\u0142, nie wykluczaj\u0105ca zreszt\u0105 wypraw w inne rejony kraju, kt\u00f3re zachowa\u0142y jeszcze miejscami naturalny charakter. Nasze fotografowanie ma w sobie cechy modnego dzi\u015b foto\u00adsafari, ale si\u0119 w nim nie zatraca. Istot\u0105 tego fotografowania jest estetyzuj\u0105cy dokumentalizm ze szczypt\u0105 refleksji i akcentem na tworzone przez natur\u0119 klimaty.<\/p>\n<p>To w sporej mierze efekt po\u0142\u0105czenia wizji malarza i pisz\u0105cego dziennikarza. Zdj\u0119cia przekazuj\u0105 prawd\u0119 o nas i naszym spojrzeniu na \u015bwiat, ale przede wszystkim oddajemy w nich g\u0142os naturze. Pr\u00f3bk\u0105 tak powsta\u0142ego dorobku s\u0105 przedstawione tu galerie, zawieraj\u0105ce w wi\u0119kszo\u015bci wsp\u00f3\u0142czesne zdj\u0119cia z ostatnich lat, z kt\u00f3rych cz\u0119\u015b\u0107 \u2013 a w przypadku zdj\u0119\u0107 zwierz\u0105t wi\u0119kszo\u015b\u0107 \u2013 wykonana jest w technice cyfrowej. Nie od\u017cegnuj\u0105c si\u0119 od estetyki i malarsko\u015bci, nie zap\u0119dzamy si\u0119 jednak w alegoryczne, a czasem tylko dziwne obszary fotografii zwanej artystyczn\u0105, ani w inne tego typu dzia\u0142ania. Zami\u0142owania i do\u015bwiadczenia przyrodnicze trzymaj\u0105 nas w obszarze realu. Nie nale\u017cymy do tych, co zbuduj\u0105 w stolicy kolejn\u0105 t\u0119cz\u0119, ani do tych, kt\u00f3rzy j\u0105 podpal\u0105 \u2013 za to poka\u017cemy Wam t\u0119cz\u0119 prawdziw\u0105, i to tam, gdzie si\u0119 jej najmniej spodziewacie.<\/p>\n\n\t\t<\/div>\n\t<\/div>\n<\/div><\/div><\/div>\n","protected":false},"excerpt":{"rendered":"&nbsp; &nbsp; &nbsp; &nbsp; &nbsp; &nbsp; &nbsp; Nasz autorski tandem, czyli Grzegorz K\u0142osowski, z zawodu malarz, absolwent warszawskiej Akademii Sztuk Pi\u0119knych, i Tomasz K\u0142osowski, dziennikarz, niegdy\u015b zatrudniony w prasie m\u0142odzie\u017cowej, p\u00f3\u017aniej wolny strzelec, prowadz\u0105cy programy telewizyjne o przyrodzie, ostatnio program \u201eDzika Polska\u201d w TVP, od kilku dziesi\u0119cioleci fotografuje polska przyrod\u0119 i krajobraz. Pierwsze kroki by\u0142y naturaln\u0105 kontynuacj\u0105 traperskich zabaw dzieci\u0144stwa, kt\u00f3re przerodzi\u0142y si\u0119 w artystyczny zaw\u00f3d. Jego pocz\u0105tki si\u0119gaja jeszcze fotografii czarno\u00adbia\u0142ej, na niej te\u017c w sporej mierze opiera\u0142 si\u0119 nasz pierwszy, dzi\u015b ju\u017c prawie zabytkowy album \u201ePtaki biebrza\u0144skich bagien\u201d. Oddawa\u0142 on charakter naszych zainteresowa\u0144, kt\u00f3rych istot\u0105 po dzi\u015b dzie\u0144 [...]","protected":false},"author":1,"featured_media":0,"parent":0,"menu_order":0,"comment_status":"closed","ping_status":"closed","template":"","meta":{"footnotes":""},"class_list":["post-16","page","type-page","status-publish","hentry"],"_links":{"self":[{"href":"http:\/\/klosowscy.pl\/index.php?rest_route=\/wp\/v2\/pages\/16","targetHints":{"allow":["GET"]}}],"collection":[{"href":"http:\/\/klosowscy.pl\/index.php?rest_route=\/wp\/v2\/pages"}],"about":[{"href":"http:\/\/klosowscy.pl\/index.php?rest_route=\/wp\/v2\/types\/page"}],"author":[{"embeddable":true,"href":"http:\/\/klosowscy.pl\/index.php?rest_route=\/wp\/v2\/users\/1"}],"replies":[{"embeddable":true,"href":"http:\/\/klosowscy.pl\/index.php?rest_route=%2Fwp%2Fv2%2Fcomments&post=16"}],"version-history":[{"count":15,"href":"http:\/\/klosowscy.pl\/index.php?rest_route=\/wp\/v2\/pages\/16\/revisions"}],"predecessor-version":[{"id":2279,"href":"http:\/\/klosowscy.pl\/index.php?rest_route=\/wp\/v2\/pages\/16\/revisions\/2279"}],"wp:attachment":[{"href":"http:\/\/klosowscy.pl\/index.php?rest_route=%2Fwp%2Fv2%2Fmedia&parent=16"}],"curies":[{"name":"wp","href":"https:\/\/api.w.org\/{rel}","templated":true}]}}

<div class="vc_row wpb_row vc_row-fluid"><div class="wpb_column vc_column_container vc_col-sm-12"><div class="wpb_wrapper">
	<div class="wpb_text_column wpb_content_element ">
		<div class="wpb_wrapper">
			<p><img loading="lazy" decoding="async" class="alignleft wp-image-2056 size-medium" src="http://klosowscy.pl/wp-content/uploads/Klosowski_Grzegorz-300x200.jpg" alt="Klosowski_Grzegorz" width="300" height="200" srcset="http://klosowscy.pl/wp-content/uploads/Klosowski_Grzegorz-300x200.jpg 300w, http://klosowscy.pl/wp-content/uploads/Klosowski_Grzegorz.jpg 450w" sizes="auto, (max-width: 300px) 100vw, 300px" /><img loading="lazy" decoding="async" class="alignleft size-medium wp-image-2057" src="http://klosowscy.pl/wp-content/uploads/Klosowski_Tomasz-300x200.jpg" alt="Klosowski_Tomasz" width="300" height="200" srcset="http://klosowscy.pl/wp-content/uploads/Klosowski_Tomasz-300x200.jpg 300w, http://klosowscy.pl/wp-content/uploads/Klosowski_Tomasz.jpg 450w" sizes="auto, (max-width: 300px) 100vw, 300px" /></p>
<p>&nbsp;</p>
<p>&nbsp;</p>
<p>&nbsp;</p>
<p>&nbsp;</p>
<p>&nbsp;</p>
<p>&nbsp;</p>
<p>&nbsp;</p>
<p>Nasz autorski tandem, czyli Grzegorz Kłosowski, z zawodu malarz, absolwent warszawskiej Akademii Sztuk Pięknych, i Tomasz Kłosowski, dziennikarz, niegdyś zatrudniony w prasie młodzieżowej, później wolny strzelec, prowadzący programy telewizyjne o przyrodzie, ostatnio program „Dzika Polska” w TVP, od kilku dziesięcioleci fotografuje polska przyrodę i krajobraz. Pierwsze kroki były naturalną kontynuacją traperskich zabaw dzieciństwa, które przerodziły się w artystyczny zawód. Jego początki sięgaja jeszcze fotografii czarno­białej, na niej też w sporej mierze opierał się nasz pierwszy, dziś już prawie zabytkowy album „Ptaki biebrzańskich bagien”. Oddawał on charakter naszych zainteresowań, których istotą po dziś dzień jest poszukiwanie i uwiecznianie pozostałych w naszym kraju resztek dzikiej przyrody, reprezentujących ją gatunków i krajobrazów. Stąd ucieczka ze stolicy w krainę nadbiebrzańskich mokradeł, nie wykluczająca zresztą wypraw w inne rejony kraju, które zachowały jeszcze miejscami naturalny charakter. Nasze fotografowanie ma w sobie cechy modnego dziś foto­safari, ale się w nim nie zatraca. Istotą tego fotografowania jest estetyzujący dokumentalizm ze szczyptą refleksji i akcentem na tworzone przez naturę klimaty.</p>
<p>To w sporej mierze efekt połączenia wizji malarza i piszącego dziennikarza. Zdjęcia przekazują prawdę o nas i naszym spojrzeniu na świat, ale przede wszystkim oddajemy w nich głos naturze. Próbką tak powstałego dorobku są przedstawione tu galerie, zawierające w większości współczesne zdjęcia z ostatnich lat, z których część – a w przypadku zdjęć zwierząt większość – wykonana jest w technice cyfrowej. Nie odżegnując się od estetyki i malarskości, nie zapędzamy się jednak w alegoryczne, a czasem tylko dziwne obszary fotografii zwanej artystyczną, ani w inne tego typu działania. Zamiłowania i doświadczenia przyrodnicze trzymają nas w obszarze realu. Nie należymy do tych, co zbudują w stolicy kolejną tęczę, ani do tych, którzy ją podpalą – za to pokażemy Wam tęczę prawdziwą, i to tam, gdzie się jej najmniej spodziewacie.</p>

		</div>
	</div>
</div></div></div>

&nbsp; &nbsp; &nbsp; &nbsp; &nbsp; &nbsp; &nbsp; Nasz autorski tandem, czyli Grzegorz Kłosowski, z zawodu malarz, absolwent warszawskiej Akademii Sztuk Pięknych, i Tomasz Kłosowski, dziennikarz, niegdyś zatrudniony w prasie młodzieżowej, później wolny strzelec, prowadzący programy telewizyjne o przyrodzie, ostatnio program „Dzika Polska” w TVP, od kilku dziesięcioleci fotografuje polska przyrodę i krajobraz. Pierwsze kroki były naturalną kontynuacją traperskich zabaw dzieciństwa, które przerodziły się w artystyczny zawód. Jego początki sięgaja jeszcze fotografii czarno­białej, na niej też w sporej mierze opierał się nasz pierwszy, dziś już prawie zabytkowy album „Ptaki biebrzańskich bagien”. Oddawał on charakter naszych zainteresowań, których istotą po dziś dzień [...]
